{"id":2,"date":"2026-02-17T17:42:07","date_gmt":"2026-02-17T17:42:07","guid":{"rendered":"https:\/\/sustancias.pt\/?page_id=2"},"modified":"2026-02-17T20:03:19","modified_gmt":"2026-02-17T20:03:19","slug":"sample-page","status":"publish","type":"page","link":"https:\/\/sustancias.pt\/index.php\/sample-page\/","title":{"rendered":"Sust\u00e2ncias?"},"content":{"rendered":"\n<p>Este \u00e9 um apelido informal de uma fam\u00edlia de Our\u00e9m que anda espalhada pelo Mundo&#8230;<\/p>\n\n\n\n<blockquote class=\"wp-block-quote is-layout-flow wp-block-quote-is-layout-flow\">\n<p>Sust\u00e2ncia \u00e9 um termo regional (corruptela?) para subst\u00e2ncia . Subst\u00e2ncia \u00e9 o que subsiste por si, a mat\u00e9ria de um corpo mas tamb\u00e9m a natureza das coisas&#8230; das pessoas. (<a href=\"https:\/\/dicionario.priberam.org\/sust\u00e2ncia\">https:\/\/dicionario.priberam.org\/sust\u00e2ncia<\/a>)<\/p>\n<\/blockquote>\n\n\n\n<p>&#8230; vai a\u00ed pela 6.\u00aa ou 7.\u00aa gera\u00e7\u00e3o desde que o apelido se colou a um rapaz que pegou o touro, no final de uma garraiada, segurou o bicho e ficou com a meia-libra presa ao pesco\u00e7o!  <\/p>\n\n\n\n<blockquote class=\"wp-block-quote is-layout-flow wp-block-quote-is-layout-flow\">\n<p>Sust\u00e2ncias era o nome (seria apelido) por que eram conhecido um grupo de vinha pegar os touros nas garraiadas em Our\u00e9m e noutras localidades ribatejanas. <\/p>\n<\/blockquote>\n\n\n\n<p>Perante o sucesso, o coment\u00e1rio do p\u00fablico \u00e9 que agora Our\u00e9m j\u00e1 tinha um Sust\u00e2ncia, j\u00e1 n\u00e3o era preciso ir buscar o grupo ribatejano.<\/p>\n\n\n\n<p>Vamos ver se um dia conseguimos, aqui, contar a hist\u00f3ria com mais detalhes. Mas este blog \u00e9 mais um pretexto para unir os Sust\u00e2ncias e dar not\u00edcia de coisas passadas, aspectos quotidianos de interesse geral que a outros tamb\u00e9m podem interessar.<\/p>\n\n\n\n<p><\/p>\n","protected":false},"excerpt":{"rendered":"<p>Este \u00e9 um apelido informal de uma fam\u00edlia de Our\u00e9m que anda espalhada pelo Mundo&#8230; Sust\u00e2ncia \u00e9 um termo regional (corruptela?) para subst\u00e2ncia . Subst\u00e2ncia \u00e9 o que subsiste por si, a mat\u00e9ria de um corpo mas tamb\u00e9m a natureza das coisas&#8230; das pessoas. (https:\/\/dicionario.priberam.org\/sust\u00e2ncia) &#8230; vai a\u00ed pela 6.\u00aa ou 7.\u00aa gera\u00e7\u00e3o desde que [&hellip;]<\/p>\n","protected":false},"author":1,"featured_media":0,"parent":0,"menu_order":0,"comment_status":"closed","ping_status":"open","template":"","meta":{"footnotes":""},"class_list":["post-2","page","type-page","status-publish","hentry"],"_links":{"self":[{"href":"https:\/\/sustancias.pt\/index.php\/wp-json\/wp\/v2\/pages\/2","targetHints":{"allow":["GET"]}}],"collection":[{"href":"https:\/\/sustancias.pt\/index.php\/wp-json\/wp\/v2\/pages"}],"about":[{"href":"https:\/\/sustancias.pt\/index.php\/wp-json\/wp\/v2\/types\/page"}],"author":[{"embeddable":true,"href":"https:\/\/sustancias.pt\/index.php\/wp-json\/wp\/v2\/users\/1"}],"replies":[{"embeddable":true,"href":"https:\/\/sustancias.pt\/index.php\/wp-json\/wp\/v2\/comments?post=2"}],"version-history":[{"count":3,"href":"https:\/\/sustancias.pt\/index.php\/wp-json\/wp\/v2\/pages\/2\/revisions"}],"predecessor-version":[{"id":33,"href":"https:\/\/sustancias.pt\/index.php\/wp-json\/wp\/v2\/pages\/2\/revisions\/33"}],"wp:attachment":[{"href":"https:\/\/sustancias.pt\/index.php\/wp-json\/wp\/v2\/media?parent=2"}],"curies":[{"name":"wp","href":"https:\/\/api.w.org\/{rel}","templated":true}]}}

Sustâncias?

<p>Este é um apelido informal de uma família de Ourém que anda espalhada pelo Mundo&#8230;</p>



<blockquote class="wp-block-quote is-layout-flow wp-block-quote-is-layout-flow">
<p>Sustância é um termo regional (corruptela?) para substância . Substância é o que subsiste por si, a matéria de um corpo mas também a natureza das coisas&#8230; das pessoas. (<a href="https://dicionario.priberam.org/sustância">https://dicionario.priberam.org/sustância</a>)</p>
</blockquote>



<p>&#8230; vai aí pela 6.ª ou 7.ª geração desde que o apelido se colou a um rapaz que pegou o touro, no final de uma garraiada, segurou o bicho e ficou com a meia-libra presa ao pescoço!  </p>



<blockquote class="wp-block-quote is-layout-flow wp-block-quote-is-layout-flow">
<p>Sustâncias era o nome (seria apelido) por que eram conhecido um grupo de vinha pegar os touros nas garraiadas em Ourém e noutras localidades ribatejanas. </p>
</blockquote>



<p>Perante o sucesso, o comentário do público é que agora Ourém já tinha um Sustância, já não era preciso ir buscar o grupo ribatejano.</p>



<p>Vamos ver se um dia conseguimos, aqui, contar a história com mais detalhes. Mas este blog é mais um pretexto para unir os Sustâncias e dar notícia de coisas passadas, aspectos quotidianos de interesse geral que a outros também podem interessar.</p>



<p></p>

<p>Este é um apelido informal de uma família de Ourém que anda espalhada pelo Mundo&#8230; Sustância é um termo regional (corruptela?) para substância . Substância é o que subsiste por si, a matéria de um corpo mas também a natureza das coisas&#8230; das pessoas. (https://dicionario.priberam.org/sustância) &#8230; vai aí pela 6.ª ou 7.ª geração desde que [&hellip;]</p>
